- 3*l, -3*b - 93 = 5*l - 308. What is the highest common divisor of r and b?
3
Suppose 14*y + 227 = 619. What is the highest common factor of 1358 and y?
14
Let m = 930 - 497. Calculate the highest common divisor of 1 and m.
1
Suppose 2*o = -0*g + 2*g - 82, 2*g - 74 = -2*o. Let a = 55 - g. Suppose -14*p = -a*p + 80. Calculate the highest common divisor of 5 and p.
5
Let i(x) = -14*x + 9. Let o be i(8). Let n = -88 - o. What is the highest common factor of n and 80?
5
Let x = 21038 - 15911. What is the greatest common factor of x and 3?
3
Let g = -36 + 83. Suppose 4*w - 13 = g. Let t(f) = -f**3 + 4*f**2 + 137*f - 15. Let b be t(-10). Calculate the greatest common factor of b and w.
15
Let z(k) = -12*k - k**3 - k**2 + 23*k - 9*k - 3 - 3*k. Let n be z(-2). Let y = 29 + -26. Calculate the highest common divisor of y and n.
3
Let o(v) = -40*v + 45. Let j be o(-18). Suppose j = -3*f + 18*f. Suppose -46*n - 205 = -f*n. What is the greatest common divisor of n and 123?
41
Suppose 0 = 19*x - 14*x - 150. Let n be (0 - 22)*(x/4)/(-15). Calculate the highest common factor of n and 121.
11
Let t(f) = -f**3 + 27*f**2 - 58*f + 177. Let a be t(24). What is the greatest common factor of a and 171?
171
Let p = -1498 + 1500. Let z be (8 - p - 13 - -9)*14. Let j(n) = -n**2 + n + 70. Let v be j(0). Calculate the greatest common factor of v and z.
14
Suppose -5*j = 3 + 2. Let s = j + 397. Calculate the highest common factor of s and 36.
36
Let d be ((-11)/1)/(-5*(-2)/(-190)). Suppose 0 = -2*h + w + 75, 2*h + w - 191 = -3*h. Calculate the highest common factor of d and h.
19
Let s = 133 + -86. Suppose -s*j = -57*j + 780. Suppose 142 = 3*d + t + 4*t, -t - 190 = -5*d. What is the greatest common factor of j and d?
39
Let o be 1/(-3)*(-14 + -10). Let g be 0 + (4/o)/((-2)/(-12)). Suppose -g*y + 704 = -y. What is the highest common factor of 32 and y?
32
Let a be 2*(-9)/(-18) - 4140/(-4). Calculate the greatest common factor of a and 28.
28
Let x(y) = 23*y**2 + 7*y - 5. Let b = -3 - -4. Let l be x(b). What is the greatest common factor of l and 10?
5
Let l(k) = 104*k - 809. Let y be l(24). Calculate the greatest common factor of y and 14.
7
Suppose 2*d - y - 24 = 0, -3*d + 5*y + 32 = 3. Let o = -45678 + 45977. What is the greatest common divisor of o and d?
13
Suppose 102*k + 103*k = 208*k - 42. Calculate the highest common factor of k and 987.
7
Let h(a) = 14*a**2 + 22*a - 51. Let m be h(-3). Calculate the greatest common factor of m and 163.
1
Let g(c) = 3*c**2 - 2*c - 1. Let s be g(-2). Suppose 40*d - 190*d = 217*d - 44040. What is the highest common factor of s and d?
15
Let w = -770 + 779. What is the greatest common factor of 9 and w?
9
Let x be (-12)/((-3)/(9 + -3)). Let p(h) = -h**3 - 12*h**2 - 4*h. Suppose 1 = a + 13. Let d be p(a). Calculate the greatest common divisor of x and d.
24
Let t be (18/45 + 2)*(-170)/(-3). Suppose t*y = 138*y - 4. What is the greatest common divisor of 64 and y?
2
Suppose -2*b - 1110 = -3*x, -5*b - 1119 = 42*x - 45*x. Calculate the highest common factor of 1357 and x.
23
Suppose f + 149 - 148 = 0, 3*f = -4*g + 301. Calculate the greatest common divisor of 972 and g.
4
Let b be 0 + 62 + (-10 - -11). Let r(l) = 6 - 8*l**2 + 3 - 7 - 4*l - 17*l**3 + 15*l**3. Let q be r(-4). Calculate the highest common factor of q and b.
9
Suppose -74*g = -132*g + 42*g + 512. What is the highest common divisor of 26336 and g?
32
Suppose 63*a = 114*a - 53295. What is the greatest common divisor of a and 33?
11
Let g(p) = p**3 + 40*p**2 - 227*p - 47. Let f be g(-45). What is the highest common factor of f and 3956?
43
Let a(f) = 3*f - 11. Suppose 3*n + 2*j - 12 = -2, j - 5 = -4*n. Suppose 5*q + 17 - 52 = n. Let z be a(q). Calculate the greatest common divisor of z and 30.
10
Let o be (38/(-4) + 6)*8. Let i be -8 - 287/(-35) - o/10. What is the greatest common divisor of 9 and i?
3
Suppose -5*l - 871*u = -876*u - 370, 2*u = -4*l + 284. What is the highest common factor of 594 and l?
18
Let n be ((-196)/(-7))/(4/58). Let w = n - 270. Calculate the highest common divisor of w and 51.
17
Suppose -b - 5 = -15. Suppose -4*j + b = 2*t, t - 20 = -4*t - 5*j. Suppose 17 = 2*k + t*f - 8, f - 5 = 0. What is the highest common divisor of k and 2?
1
Let i be -18*(0 + 5/(-10)). Let g(o) = 3 - o + i + 0 + 4. Let f be g(9). What is the greatest common factor of f and 7?
7
Let q be ((-1016)/28)/(5/(-105)) - -3. Calculate the greatest common divisor of 1122 and q.
51
Suppose 24 = -6*q + 7*q. Let t(g) = g**3 + 14*g**2 + 22*g - 16. Let m be t(-12). Calculate the highest common factor of q and m.
8
Suppose -17*s = -3*z - 22*s - 17, 0 = -3*z - 3*s - 3. Calculate the greatest common divisor of 16662 and z.
6
Let h(n) = 254*n**2 - 47*n + 95. Let x be h(3). Calculate the highest common divisor of x and 3080.
280
Let z(m) = 2*m**2 + 2*m - 5. Let c be z(4). Suppose 8*o - 6*o - 6 = 0. Let n be 255/18 - o/18. What is the highest common factor of n and c?
7
Let t = 66 + -53. Suppose t*k - 10*k = 21. Let r be ((-77)/(-2))/((-6)/(-12)). What is the highest common factor of r and k?
7
Let o be (3 - -1) + (-1 + -16)*-4. Suppose -c + o = -0*c. What is the greatest common factor of 9 and c?
9
Let h(d) = d**2 + 38*d - 2200. Let n be h(32). Calculate the greatest common factor of n and 9840.
40
Suppose 8*x - 348 = 1204. Let j = x + -166. What is the highest common factor of 812 and j?
28
Suppose 45*g + 2574 - 9367 - 3917 = 0. Let s be (1 + -2)*-1 - -33. Calculate the highest common divisor of s and g.
34
Suppose 1133*w + 5*k = 1128*w + 245, -4*k = -w + 79. What is the greatest common divisor of 2233 and w?
11
Suppose -25*w - 1248 = -82*w - 359*w. Calculate the highest common factor of 503 and w.
1
Let x(b) = -67*b + 12. Let p be x(-3). Let s be 1 + p - (-9 - -3). Let q(o) = 6*o**2 + o - 2. Let i be q(-2). What is the greatest common divisor of s and i?
20
Suppose -14*p + 9*p + 890 = 0. Let k be (-202)/(-5*(-6)/15). Let h = p + k. What is the greatest common divisor of h and 7?
7
Let o(v) = -21*v**2 + 4*v + 6. Let w be o(-2). Suppose 0*y = -y - 26. Let g = y - w. What is the greatest common divisor of g and 15?
15
Let j = 2433 - 2258. What is the greatest common factor of 575 and j?
25
Suppose -y = -0*y - 64. Suppose -12*f + 53 = -52*f + 133. Calculate the greatest common factor of y and f.
2
Suppose -9*f - 97 = -187. Let r(z) = -z**2 + 12*z - 9. Let y be r(f). Suppose 2*o - h = 19 + 8, 4*h = -o - 9. What is the highest common divisor of o and y?
11
Let j = 16 - 36. Let d be 6/2*(3 + 20/(-12)). Let x be (j/15)/(d/(-258)). Calculate the greatest common factor of x and 129.
43
Let r = -106 + 196. Let z be (-1)/((-2)/1) + (-65)/(-26). Suppose 0*u = -z*u + 30. What is the greatest common divisor of r and u?
10
Let s = -4 + 7. Let o be 1 - ((-84)/(-7))/(-4). Suppose c = -o*q - 7, 5*q = -4*c + 6*q + 6. Calculate the greatest common divisor of s and c.
1
Suppose 25*m + 140 = 11*m. Let j(n) = n**2 + 6*n - 27. Let b be j(m). Suppose -b*l + 189 = 33. Calculate the highest common divisor of l and 15.
3
Let y be (-4)/(-16) + (-261)/(-12). Suppose y*v = 33 + 11. What is the greatest common factor of 23 and v?
1
Let f(q) = 4*q**2 + 15*q + 8. Let w be f(-3). Let l be w + 7 + 8 + -14 + 188. What is the greatest common factor of l and 4?
4
Let k be -19 + 23 - 2*-2. Let o be (-2)/k*-44 + -6. Calculate the greatest common divisor of 35 and o.
5
Let s be ((4/7)/(-2))/((-31)/434). Suppose -6*u + 2 = -s. Suppose k = -0*k + 8. What is the greatest common divisor of k and u?
1
Let f(g) = 5*g**2 + 413*g + 660. Let y be f(-118). What is the highest common divisor of 266 and y?
266
Let h be 5 + -15*(-14)/385 + (-126)/(-11). What is the highest common divisor of 6511 and h?
17
Let l(c) = c**3 + 3*c**2 - 52*c + 280. Let f be l(5). Calculate the highest common divisor of 1210 and f.
110
Suppose 5*r + 2*g + 42 = 8*r, -4*r + 2*g = -58. Let v = 27 - 19. What is the highest common divisor of r and v?
8
Suppose r - 33*i - 822 = -35*i, 4*r = 5*i + 3249. Calculate the highest common factor of 255 and r.
51
Suppose 0 = -4*b, 3*o = 3*b - 73 + 199. Let w = o + -32. Suppose 0 = -0*c + w*c - 400. What is the highest common divisor of 10 and c?
10
Let m(x) = 2*x**3 + 185*x**2 + 93*x + 114. Let z be m(-92). What is the greatest commo